Informes climatologicos estilo NOAA
Selecciona informe para un Mes o Año
2024: Ene Feb Mar Abr May Jun Jul Ago Sep Oct Nov Dic
2023: Ene Feb Mar Abr May Jun Jul Ago Sep Oct Nov Dic
2022: Ene Feb Mar Abr May Jun Jul Ago Sep Oct Nov Dic
2021: Ene Feb Mar Abr May Jun Jul Ago Sep Oct Nov Dic
2020: Ene Feb Mar Abr May Jun Jul Ago Sep Oct Nov Dic
2019: Ene Feb Mar Abr May Jun Jul Ago Sep Oct Nov Dic
2018: Ene Feb Mar Abr May Jun Jul Ago Sep Oct Nov Dic
2017: Ene Feb Mar Abr May Jun Jul Ago Sep Oct Nov Dic
2016: Ene Feb Mar Abr May Jun Jul Ago Sep Oct Nov Dic
2015: Ene Feb Mar Abr May Jun Jul Ago Sep Oct Nov Dic
2014: Ene Feb Mar Abr May Jun Jul Ago Sep Oct Nov Dic
2013: Ene Feb Mar Abr May Jun Jul Ago Sep Oct Nov Dic
2012: Ene Feb Mar Abr May Jun Jul Ago Sep Oct Nov Dic
2011: Ene Feb Mar Abr May Jun Jul Ago Sep Oct Nov Dic
2024: Ene Feb Mar Abr May Jun Jul Ago Sep Oct Nov Dic
2023: Ene Feb Mar Abr May Jun Jul Ago Sep Oct Nov Dic
2022: Ene Feb Mar Abr May Jun Jul Ago Sep Oct Nov Dic
2021: Ene Feb Mar Abr May Jun Jul Ago Sep Oct Nov Dic
2020: Ene Feb Mar Abr May Jun Jul Ago Sep Oct Nov Dic
2019: Ene Feb Mar Abr May Jun Jul Ago Sep Oct Nov Dic
2018: Ene Feb Mar Abr May Jun Jul Ago Sep Oct Nov Dic
2017: Ene Feb Mar Abr May Jun Jul Ago Sep Oct Nov Dic
2016: Ene Feb Mar Abr May Jun Jul Ago Sep Oct Nov Dic
2015: Ene Feb Mar Abr May Jun Jul Ago Sep Oct Nov Dic
2014: Ene Feb Mar Abr May Jun Jul Ago Sep Oct Nov Dic
2013: Ene Feb Mar Abr May Jun Jul Ago Sep Oct Nov Dic
2012: Ene Feb Mar Abr May Jun Jul Ago Sep Oct Nov Dic
2011: Ene Feb Mar Abr May Jun Jul Ago Sep Oct Nov Dic
Report for 2024
ANNUAL CLIMATOLOGICAL SUMMARY NAME: VanPro2 CITY: Jungitu STATE: Spain ELEV: 525 m LAT: 42° 52' 20" N LONG: 2° 35' 40" W TEMPERATURE (°C), HEAT BASE 18.2, COOL BASE 18.2 DEP. HEAT COOL MEAN MEAN FROM DEG DEG MAX MAX MIN MIN YR MO MAX MIN MEAN NORM DAYS DAYS HI DATE LOW DATE >=32 <=0 <=0 <=-18 ------------------------------------------------------------------------------------ 24 1 11.4 2.2 6.5 0.0 364 0 19.8 24 -5.4 20 0 0 8 0 24 2 12.8 2.9 7.6 0.0 307 0 18.4 15 -1.5 7 0 0 5 0 24 3 15.1 4.2 9.3 0.0 280 5 25.8 22 -1.9 6 0 0 2 0 24 4 17.0 4.7 10.5 0.0 241 11 31.2 13 -0.6 19 0 0 2 0 24 5 18.7 7.4 12.3 0.0 195 13 27.2 10 1.3 2 0 0 0 0 24 6 22.6 11.2 16.0 0.0 101 36 31.9 5 5.6 13 0 0 0 0 24 7 26.3 12.6 18.7 0.0 52 64 34.2 18 6.8 7 4 0 0 0 24 8 24 9 24 10 24 11 24 12 ------------------------------------------------------------------------------------ 17.6 6.4 11.4 0.0 1540 129 34.2 JUL -5.4 JAN 4 0 17 0 PRECIPITATION (mm) DEP. MAX DAYS OF RAIN FROM OBS. OVER YR MO TOTAL NORM DAY DATE .2 2 20 --------------------------------------------- 24 1 68.8 0.0 33.8 6 19 5 1 24 2 145.2 0.0 33.0 27 26 12 2 24 3 77.2 0.0 14.8 2 21 10 0 24 4 25.2 0.0 12.8 27 9 4 0 24 5 106.7 0.0 19.0 1 19 12 0 24 6 58.6 0.0 13.4 20 16 9 0 24 7 25.2 0.0 20.2 20 8 2 1 24 8 24 9 24 10 24 11 24 12 --------------------------------------------- 506.8 0.0 33.8 JAN 118 54 4 WIND SPEED (km/hr) DOM YR MO AVG. HI DATE DIR --------------------------------- 24 1 4.8 64.4 17 N 24 2 6.7 67.6 22 WNW 24 3 6.8 72.4 27 WSW 24 4 5.6 70.8 27 N 24 5 3.8 45.1 13 NW 24 6 3.5 29.0 8 N 24 7 3.4 32.2 15 N 24 8 24 9 24 10 24 11 24 12 --------------------------------- 5.0 72.4 MAR N