Informes climatologicos estilo NOAA


Report for 2024 Junio
                   MONTHLY CLIMATOLOGICAL SUMMARY for JUN. 2024

NAME: VanPro2   CITY: Jungitu   STATE: Spain 
ELEV:   525 m  LAT:  42° 52' 20" N  LONG:   2° 35' 40" W

                   TEMPERATURE (°C), RAIN  (mm), WIND SPEED (km/hr)

                                      HEAT  COOL        AVG
    MEAN                              DEG   DEG         WIND                 DOM
DAY TEMP  HIGH   TIME   LOW    TIME   DAYS  DAYS  RAIN  SPEED HIGH   TIME    DIR
------------------------------------------------------------------------------------
 1  11.9  16.9   18:30   7.4    2:25   6.3   0.0   0.4   4.3  24.1   18:15     N
 2  13.6  18.0   14:50  10.9    5:10   4.6   0.0   1.0   4.8  24.1   14:05     N
 3  14.1  17.5   19:10  11.6    5:30   4.2   0.0   0.0   4.7  25.7   17:35     N
 4  17.1  25.0   17:55  11.1    5:20   2.9   1.8   0.0   1.9  14.5   18:50    NW
 5  18.4  31.9   16:45   7.7    7:05   3.2   3.4   0.0   2.6  22.5   19:20    SE
 6  18.4  27.0   13:55  13.0    7:35   1.8   2.0   0.0   3.5  20.9   19:20   WNW
 7  19.2  28.3   18:50  13.2    7:00   1.9   2.9   0.2   3.5  25.7   23:10    NW
 8  17.0  25.1   12:20  14.1    5:55   2.2   1.0   2.4   4.5  29.0   14:40    NW
 9  13.2  16.1   14:50  11.4    5:35   5.0   0.0  11.6   5.1  25.7   12:00    NW
10  12.6  16.0   14:45   9.8    5:10   5.6   0.0   0.0   5.0  25.7   16:40   NNW
11  12.0  16.5   13:40   8.7    3:30   6.2   0.0   0.0   4.3  27.4   14:20   WNW
12  11.2  17.3   16:50   6.2    7:05   7.0   0.0   0.0   4.0  27.4   14:25     N
13  14.6  26.2   17:45   5.6    2:20   5.4   1.8   0.2   3.2  27.4   16:50     E
14  16.9  26.7   15:20  12.2    7:00   2.9   1.6   0.0   4.3  27.4   13:05     N
15  14.4  19.6   16:40   9.7   23:50   3.9   0.1   0.0   3.9  24.1   17:40     N
16  15.6  25.8   16:10   5.7    6:50   4.4   1.7   0.0   2.6  27.4   16:50     N
17  19.2  29.7   16:15   8.1    7:05   2.5   3.5   0.0   2.7  19.3   12:55   NNE
18  17.3  25.5   13:50  13.8    7:35   2.0   1.1   6.2   3.1  29.0   19:40    NW
19  12.3  14.4    0:05   9.3    6:40   1.8   0.0   0.2   0.6   9.7    1:10   WNW
20
21
22
23
24
25
26
27
28
29
30
-------------------------------------------------------------------------------------
    15.2  31.9     5     5.6    13    73.7  21.0  22.2   3.6  29.0     8       N

Max >=  32.0:  0
Max <=   0.0:  0
Min <=   0.0:  0
Min <= -18.0:  0
Max Rain: 11.61 ON 09/06/24
Days of Rain: 8 (> .2 mm) 3 (> 2 mm) 0 (> 20 mm)
Heat Base:  18.2  Cool Base:  18.2  Method: Integration