Informes climatologicos estilo NOAA


Report for 2021 Abril
                   MONTHLY CLIMATOLOGICAL SUMMARY for APR. 2021

NAME: VanPro2   CITY: Jungitu   STATE: Spain 
ELEV:   525 m  LAT:  42° 52' 20" N  LONG:   2° 35' 40" W

                   TEMPERATURE (°C), RAIN  (mm), WIND SPEED (km/hr)

                                      HEAT  COOL        AVG
    MEAN                              DEG   DEG         WIND                 DOM
DAY TEMP  HIGH   TIME   LOW    TIME   DAYS  DAYS  RAIN  SPEED HIGH   TIME    DIR
------------------------------------------------------------------------------------
 1  16.4  20.4   16:30  12.8    6:10   3.8   1.0   0.0  12.2  51.5    1:50     E
 2  14.7  21.7   13:30   8.4    8:10   5.5   1.0   0.0   6.9  27.4   14:50    NW
 3   9.3  11.8   15:30   6.3   22:50  10.9   0.0   0.0  12.1  41.8   14:00    NW
 4   8.2  13.9   16:10   3.8   00:00  12.0   0.0   0.0   8.9  37.0   18:50    NW
 5   7.2  16.8   17:50  -0.8    5:50  13.0   0.0   0.0   4.7  27.4   19:10     N
 6   6.6   8.2   13:20   3.7   00:00  13.6   0.0   0.0   6.9  27.4   16:00    NW
 7   5.7  10.8   17:10   0.8   00:00  14.5   0.0   0.0   6.4  29.0   12:00     N
 8   9.6  17.9   17:40  -1.8    3:50  10.6   0.2   0.0   7.2  30.6    7:10   ESE
 9   9.9  13.3    0:10   8.0   23:10  10.3   0.0   0.8  10.0  37.0   15:20   ESE
10  10.4  15.4   16:40   7.3    6:20   9.8   0.0   9.6   7.9  35.4   20:40   ESE
11   7.5   9.6    4:50   3.6   23:50  12.7   0.0   6.4   7.7  30.6    9:50    NW
12   4.8  10.5   17:40  -0.2    4:20  15.4   0.0   0.4   3.9  22.5   16:30     N
13   6.8  17.3   17:10  -1.7    8:20  13.4   0.0   0.0   2.1  12.9   17:40    NW
14   8.3  16.1   15:30   0.5    7:50  11.9   0.0   0.0   4.7  29.0   18:50     N
15   6.4  13.4   15:20  -1.2    7:50  13.8   0.0   0.0   5.3  29.0   17:20     N
16   4.2   9.6   16:20  -2.1    7:30  16.0   0.0   0.0   6.1  32.2   15:40     N
17   5.1   7.8   16:40   1.7    8:00  15.1   0.0   0.0   5.8  30.6   16:30     N
18   8.5  15.2   17:50   4.2    0:50  11.7   0.0   0.0   4.3  19.3   17:10     W
19   8.7  20.7   15:10  -1.4    7:00  11.5   0.5   0.0   3.9  27.4   18:50     E
20  10.7  17.8   14:00   6.2    7:00   9.5   0.1   7.2   2.4  19.3   16:40   ESE
21  11.7  17.2   17:30   6.6    8:00   8.5   0.0   0.0   5.0  25.7   15:00     E
22  11.7  13.2    0:10  10.4    5:20   1.9   0.0   0.0  13.4  33.8    3:50   ESE
23
24
25
26
27
28
29
30
-------------------------------------------------------------------------------------
     8.7  21.7     2    -2.1    16   245.4   2.7  24.4   6.7  51.5     1      NW

Max >=  32.0:  0
Max <=   0.0:  0
Min <=   0.0:  7
Min <= -18.0:  0
Max Rain: 9.60 ON 10/04/21
Days of Rain: 5 (> .2 mm) 3 (> 2 mm) 0 (> 20 mm)
Heat Base:  20.2  Cool Base:  16.2  Method: Integration