Informes climatologicos estilo NOAA


Report for 2024 Febrero
                   MONTHLY CLIMATOLOGICAL SUMMARY for FEB. 2024

NAME: VanPro2   CITY: Jungitu   STATE: Spain 
ELEV:   525 m  LAT:  42° 52' 20" N  LONG:   2° 35' 40" W

                   TEMPERATURE (°C), RAIN  (mm), WIND SPEED (km/hr)

                                      HEAT  COOL        AVG
    MEAN                              DEG   DEG         WIND                 DOM
DAY TEMP  HIGH   TIME   LOW    TIME   DAYS  DAYS  RAIN  SPEED HIGH   TIME    DIR
------------------------------------------------------------------------------------
 1   5.1  10.2   14:50  -1.0    7:25  13.1   0.0   0.2   2.6  19.3   15:00   WNW
 2   8.7  12.2   15:25   4.4   23:40   9.5   0.0   1.2   4.7  24.1   16:10    NW
 3   6.3  15.3   17:05   0.7    4:40  11.9   0.0   0.4   1.1   8.0   11:05     E
 4   5.4  16.2   16:45   0.5    3:20  12.8   0.0   0.4   0.8   6.4   14:40    SE
 5   5.9  14.6   16:40   0.8    9:35  12.3   0.0   0.4   1.4  14.5   18:00    SE
 6   6.4  12.1   18:05   2.7   00:00  11.8   0.0   0.2   1.4   8.0    3:10   ENE
 7   6.4  12.3   22:15  -1.5    8:30  11.7   0.0   0.2   5.1  29.0   15:10   WSW
 8  12.2  15.7   12:20   8.4   23:30   6.1   0.0   0.8  11.1  66.0   13:10    SW
 9   9.7  11.6   11:35   8.3    0:05   8.5   0.0   2.8   9.3  37.0   20:00   ESE
10   7.1   9.9    0:05   4.8   21:10  11.1   0.0   3.4   9.5  41.8    5:20   WNW
11   6.7  10.6   15:05   3.8    5:30  11.5   0.0   0.0   7.2  37.0   12:30   WSW
12   8.6  11.6   12:25   3.5   00:00   9.6   0.0   1.4   8.5  53.1   13:55    NW
13   8.4  17.1   15:05   0.9    6:10   9.8   0.0   0.2   4.5  32.2   16:10    NE
14  11.4  16.6   13:50   4.9    8:25   6.7   0.0   0.2   6.6  30.6   23:00    NE
15  14.3  18.4   14:00   9.8   23:55   3.8   0.0   4.6  11.3  37.0   10:20   ESE
16   8.6  10.7   15:35   3.1   23:45   9.7   0.0   6.0   3.9  30.6   13:40   NNW
17   5.9  13.4   16:25   0.2    6:50  12.3   0.0   0.0   2.9  20.9   13:45     N
18   6.6  16.8   16:00  -1.3    8:00  11.6   0.0   0.2   2.9  22.5   16:55     N
19  10.2  13.1   13:55   7.3   00:00   8.0   0.0   1.0   5.0  29.0   14:45     N
20   6.4  15.7   17:55  -0.3    7:00  11.8   0.0   0.0   1.8   9.7   15:55   WNW
21   8.3  15.9   15:50  -0.1    7:35   9.8   0.0   0.2   3.7  25.7   23:40   WSW
22  10.3  15.0   14:45   2.9   00:00   7.9   0.0   8.6  12.7  67.6   10:50     N
23   1.4   2.9    0:05   0.4    2:45   3.9   0.0   0.0   3.1  12.9    5:35     E
24
25
26
27
28
29
-------------------------------------------------------------------------------------
     7.8  18.4    15    -1.5     7   225.3   0.0  32.4   5.3  67.6    22       N

Max >=  32.0:  0
Max <=   0.0:  0
Min <=   0.0:  5
Min <= -18.0:  0
Max Rain: 8.61 ON 22/02/24
Days of Rain: 19 (> .2 mm) 5 (> 2 mm) 0 (> 20 mm)
Heat Base:  18.2  Cool Base:  18.2  Method: Integration