Informes climatologicos estilo NOAA

Selecciona informe para un Mes o Año
2019: Ene Feb Mar Abr May Jun Jul Ago Sep Oct Nov Dic
2018: Ene Feb Mar Abr May Jun Jul Ago Sep Oct Nov Dic
2017: Ene Feb Mar Abr May Jun Jul Ago Sep Oct Nov Dic
2016: Ene Feb Mar Abr May Jun Jul Ago Sep Oct Nov Dic
2015: Ene Feb Mar Abr May Jun Jul Ago Sep Oct Nov Dic
2014: Ene Feb Mar Abr May Jun Jul Ago Sep Oct Nov Dic
2013: Ene Feb Mar Abr May Jun Jul Ago Sep Oct Nov Dic
2012: Ene Feb Mar Abr May Jun Jul Ago Sep Oct Nov Dic
2011: Ene Feb Mar Abr May Jun Jul Ago Sep Oct Nov Dic

Report for 2019 Abril
                   MONTHLY CLIMATOLOGICAL SUMMARY for APR. 2019

NAME: VanPro2   CITY: Jungitu   STATE: Spain 
ELEV:   525 m  LAT:  42° 52' 20" N  LONG:   2° 35' 40" W

                   TEMPERATURE (°C), RAIN  (mm), WIND SPEED (km/hr)

                                      HEAT  COOL        AVG
    MEAN                              DEG   DEG         WIND                 DOM
DAY TEMP  HIGH   TIME   LOW    TIME   DAYS  DAYS  RAIN  SPEED HIGH   TIME    DIR
------------------------------------------------------------------------------------
 1  10.0  13.4   18:45   6.6    7:15  10.2   0.0   1.6   3.9  24.1    0:45   ESE
 2   8.5  15.3   16:00   3.5    7:15  11.7   0.0   0.6   4.7  29.0   18:45    NW
 3   5.4   8.6   14:15   0.6   23:00  14.7   0.0   1.0   9.2  43.5   14:30    NW
 4   6.4  12.8   16:30   0.8    4:45  13.8   0.0   0.6   7.4  37.0   16:45   WSW
 5   6.3  11.1   13:15   3.1   23:45  13.8   0.0   2.2   6.1  29.0   13:30   SSE
 6   6.3  10.9   16:00   2.0    7:30  13.9   0.0   1.2   6.9  45.1   13:30    SW
 7   8.0  14.3   18:00   4.0    3:30  12.2   0.0   0.4   4.5  32.2   22:15    SW
 8   8.4  11.2   18:00   4.4   00:00  11.8   0.0   4.6   4.3  20.9   16:30    NW
 9   7.1  15.4   16:00   1.0    3:45  13.1   0.0   1.2   6.9  32.2   13:30   WSW
10   5.9  11.1   13:30   1.1    8:00  14.2   0.0   1.6   5.1  29.0   14:15    NW
11   6.8   8.7   17:30   4.2    7:30  13.4   0.0   1.8   7.7  25.7   18:00    NW
12   8.7  13.7   18:00   3.3   00:00  11.5   0.0   0.0   4.8  22.5   16:15     W
13   8.2  22.1   17:00  -2.9    7:45  12.1   1.0   0.2   2.3  14.5   18:00     E
14  12.7  19.9   17:30   6.1    6:15   7.5   0.9   0.0   3.9  32.2   14:30   ENE
15  11.7  21.1   16:00   5.6    6:15   8.5   0.6  19.0   6.4  43.5   17:30   ESE
16  12.4  18.7   15:30   5.4    7:45   7.8   0.4   0.4   4.7  38.6   23:30   ESE
17  13.8  18.2   18:45  10.1    7:15   6.4   0.2   0.0  22.2  66.0    4:45   ESE
18  12.6  15.7   16:30  10.7   12:15   7.6   0.0   0.2  13.8  54.7    2:45   ESE
19  13.4  19.7   18:15   9.5   00:00   6.7   0.5   1.8   7.4  38.6   13:15   ESE
20  12.1  19.5   15:45   4.1    8:00   8.2   0.6   0.0   5.1  29.0   16:15   NNE
21   9.9  16.7   15:00   3.2    8:00  10.3   0.0   0.0   3.2  17.7   19:45     E
22  13.1  19.2   14:15   8.1    7:15   7.2   0.4   0.0   3.7  24.1   17:45     W
23  11.9  15.2   11:45  10.1    7:00   4.4   0.0   0.0   8.5  27.4    1:30   ESE
24
25
26
27
28
29
30
-------------------------------------------------------------------------------------
     9.6  22.1    13    -2.9    13   241.0   4.6  38.4   6.6  66.0    17     ESE

Max >=  32.0:  0
Max <=   0.0:  0
Min <=   0.0:  1
Min <= -18.0:  0
Max Rain: 19.00 ON 15/04/19
Days of Rain: 16 (> .2 mm) 3 (> 2 mm) 0 (> 20 mm)
Heat Base:  20.2  Cool Base:  16.2  Method: Integration