Informes climatologicos estilo NOAA

Selecciona informe para un Mes o Año
2020: Ene Feb Mar Abr May Jun Jul Ago Sep Oct Nov Dic
2019: Ene Feb Mar Abr May Jun Jul Ago Sep Oct Nov Dic
2018: Ene Feb Mar Abr May Jun Jul Ago Sep Oct Nov Dic
2017: Ene Feb Mar Abr May Jun Jul Ago Sep Oct Nov Dic
2016: Ene Feb Mar Abr May Jun Jul Ago Sep Oct Nov Dic
2015: Ene Feb Mar Abr May Jun Jul Ago Sep Oct Nov Dic
2014: Ene Feb Mar Abr May Jun Jul Ago Sep Oct Nov Dic
2013: Ene Feb Mar Abr May Jun Jul Ago Sep Oct Nov Dic
2012: Ene Feb Mar Abr May Jun Jul Ago Sep Oct Nov Dic
2011: Ene Feb Mar Abr May Jun Jul Ago Sep Oct Nov Dic

Report for 2020 Febrero
                   MONTHLY CLIMATOLOGICAL SUMMARY for FEB. 2020

NAME: VanPro2   CITY: Jungitu   STATE: Spain 
ELEV:   525 m  LAT:  42° 52' 20" N  LONG:   2° 35' 40" W

                   TEMPERATURE (°C), RAIN  (mm), WIND SPEED (km/hr)

                                      HEAT  COOL        AVG
    MEAN                              DEG   DEG         WIND                 DOM
DAY TEMP  HIGH   TIME   LOW    TIME   DAYS  DAYS  RAIN  SPEED HIGH   TIME    DIR
------------------------------------------------------------------------------------
 1  14.6  18.3   16:15   9.9    9:00   5.6   0.3   0.8   6.8  37.0    1:15    SW
 2  14.8  18.6   15:30   9.7   00:00   5.4   0.3   0.0   7.6  30.6   11:45    SW
 3  12.8  21.9   17:00   5.0    9:15   7.6   1.1   0.0   2.9  22.5   18:00   ENE
 4   8.0  11.0    0:15   4.4   00:00  12.2   0.0   0.0   4.7  32.2   16:45    NW
 5   5.6  10.1   16:15   0.3   00:00  14.6   0.0   0.0   3.7  22.5   15:00    NW
 6   5.1  13.7   15:45  -2.8    5:30  15.1   0.0   0.2   3.4  22.5   12:30   ESE
 7   6.6  14.1   16:00   1.1    7:00  13.6   0.0   0.0   2.6  16.1    2:30     W
 8   4.9   8.4   15:00   0.2    2:45  15.3   0.0   3.6   0.8   9.7   15:30    NE
 9   7.9  13.4   15:15   1.5    7:00  12.3   0.0   0.2   5.1  30.6   15:45    SW
10  12.6  17.2   14:45   6.7   23:45   7.7   0.1   0.0   9.5  40.2   12:45   WSW
11   7.9  11.6   15:30   4.1    2:30  12.2   0.0   0.4   1.8  16.1   17:00   NNE
12   8.6  13.7   16:30   4.4   23:45  11.6   0.0   0.0   1.9  11.3   10:45    NW
13   9.5  17.4   16:15   2.5    6:00  10.7   0.1   0.2   6.8  35.4   12:45   WSW
14  10.3  15.6   17:15   4.6   00:00   9.9   0.0   0.0   1.9  14.5   15:30    NW
15   9.5  16.4   15:30   1.6    5:00  10.7   0.0   0.2   5.0  29.0   13:00    SW
16  12.7  15.7   16:30   8.7    4:15   7.5   0.0   0.0   8.0  41.8   22:45    SW
17   9.5  14.2    0:15   5.3   00:00  10.7   0.0   0.8   8.0  45.1    0:45    NW
18   5.6   9.2   13:45   1.3   00:00  14.7   0.0   0.2   3.9  24.1   16:00    NW
19   3.7  12.7   17:30  -2.5    7:00  16.5   0.0   0.0   1.8  12.9   14:30   NNE
20   6.2  17.3   16:30  -3.3    8:15  14.0   0.0   0.0   4.0  22.5   16:45     E
21   6.7  16.7   17:15  -0.2    4:30  13.5   0.0   0.0   1.6  11.3   13:00   WNW
22   6.9  19.6   16:15  -1.5    8:15  13.3   0.3   0.2   1.8  16.1   17:15    NW
23   7.8  21.5   16:00  -2.0    7:15  12.4   0.8   0.0   2.1  22.5   16:15   ENE
24   8.1  22.4   15:45  -2.8    7:45  12.2   1.0   0.0   2.4  20.9   19:00   ENE
25   7.7  15.0   13:45   1.8    2:45  12.5   0.0   0.8   6.1  30.6   15:30    NW
26   5.8   8.4   14:30   2.5    3:30  14.4   0.0   0.4   6.0  27.4   14:15    NW
27   5.1   7.8    6:15   3.3    2:15   4.1   0.0   0.0   3.4  24.1    6:00     N
28
29
-------------------------------------------------------------------------------------
     8.3  22.4    24    -3.3    20   310.1   4.1   8.0   4.2  45.1    17      NW

Max >=  32.0:  0
Max <=   0.0:  0
Min <=   0.0:  7
Min <= -18.0:  0
Max Rain: 3.61 ON 08/02/20
Days of Rain: 12 (> .2 mm) 1 (> 2 mm) 0 (> 20 mm)
Heat Base:  20.2  Cool Base:  16.2  Method: Integration