Informes climatologicos estilo NOAA


Report for 2020 Julio
                   MONTHLY CLIMATOLOGICAL SUMMARY for JUL. 2020

NAME: VanPro2   CITY: Jungitu   STATE: Spain 
ELEV:   525 m  LAT:  42° 52' 20" N  LONG:   2° 35' 40" W

                   TEMPERATURE (°C), RAIN  (mm), WIND SPEED (km/hr)

                                      HEAT  COOL        AVG
    MEAN                              DEG   DEG         WIND                 DOM
DAY TEMP  HIGH   TIME   LOW    TIME   DAYS  DAYS  RAIN  SPEED HIGH   TIME    DIR
------------------------------------------------------------------------------------
 1  18.2  23.0   16:30  13.5    6:00   2.4   2.4   0.0   5.0  25.7   15:30    NW
 2  15.5  18.8   14:15  13.1   00:00   4.7   0.3   0.0   6.0  32.2   18:15    NW
 3  15.2  19.1   12:15  11.6   00:00   5.0   0.7   0.0   6.1  29.0   16:30   NNE
 4  16.2  25.9   17:15   5.7    6:30   5.5   3.5   0.0   3.4  20.9   14:30   NNE
 5  19.3  28.5   14:45   8.5    7:00   3.7   4.9   0.0   4.3  27.4   16:45    NW
 6  16.3  20.2   12:45  12.8   00:00   3.9   0.7   0.2   4.8  22.5   11:45    NW
 7  17.4  24.6   17:15  11.6    7:00   3.7   2.7   0.0   4.7  24.1   18:15    NW
 8  19.3  29.1   16:45   9.2    6:45   3.6   5.0   0.0   3.9  22.5   17:15    NW
 9  20.2  28.0   16:00  13.2    7:15   2.1   4.5   0.0   5.0  30.6   18:00    NW
10  17.1  20.4   15:30  14.8   00:00   3.1   1.2   0.4   5.6  27.4   16:45    NW
11  14.2  14.8    0:15  13.9    4:15   1.1   0.0   0.0   2.3  12.9    0:30     N
12
13
14
15
16
17
18
19
20
21
22
23
24
25
26
27
28
29
30
31
-------------------------------------------------------------------------------------
    17.2  29.1     8     5.7     4    38.8  25.8   0.6   4.6  32.2     2      NW

Max >=  32.0:  0
Max <=   0.0:  0
Min <=   0.0:  0
Min <= -18.0:  0
Max Rain: 0.41 ON 10/07/20
Days of Rain: 2 (> .2 mm) 0 (> 2 mm) 0 (> 20 mm)
Heat Base:  20.2  Cool Base:  16.2  Method: Integration