Informes climatologicos estilo NOAA


Report for 2019 Agosto
                   MONTHLY CLIMATOLOGICAL SUMMARY for AUG. 2019

NAME: VanPro2   CITY: Jungitu   STATE: Spain 
ELEV:   525 m  LAT:  42° 52' 20" N  LONG:   2° 35' 40" W

                   TEMPERATURE (°C), RAIN  (mm), WIND SPEED (km/hr)

                                      HEAT  COOL        AVG
    MEAN                              DEG   DEG         WIND                 DOM
DAY TEMP  HIGH   TIME   LOW    TIME   DAYS  DAYS  RAIN  SPEED HIGH   TIME    DIR
------------------------------------------------------------------------------------
 1  17.2  24.6   15:00  13.3    3:30   3.5   1.7  14.6   5.5  37.0    6:15    NW
 2  19.8  25.7   17:00  15.3    7:45   1.9   3.7   0.0   4.0  20.9   14:30    NW
 3  20.3  33.0   16:00  12.5    3:30   3.1   5.1   0.0   3.2  24.1   18:45     E
 4  19.7  25.6   15:30  17.2    6:00   1.5   3.5   0.0   5.0  27.4   18:15    NW
 5  18.9  25.7   16:30  12.7    6:30   2.5   3.4   0.0   3.7  24.1   19:00     W
 6  19.9  29.4   15:00  14.2    4:45   2.3   4.1   0.0   3.4  20.9   18:30   WNW
 7  21.3  27.8   16:45  16.1    7:30   1.5   5.1   1.4   2.9  27.4   20:30     W
 8  25.1  32.7   18:30  17.6    4:45   0.3   8.9   0.0   5.5  35.4   13:30    SW
 9  25.9  30.8   18:00  16.3   00:00   0.2   9.7   0.2   9.3  41.8   16:00    SW
10  17.5  24.1   14:30  11.6    5:15   3.3   2.4   0.0   4.5  27.4   19:15     N
11  16.5  20.9   14:30  14.2   00:00   3.7   1.0   6.6   5.1  24.1   18:30    NW
12  14.4  19.8   15:45   8.7    7:45   5.7   0.6   0.0   4.2  32.2   18:00    NW
13  15.3  20.8   16:45  10.3    7:00   4.9   1.4   0.0   3.7  20.9   15:15   NNE
14  17.4  27.9   14:15   7.7    7:30   4.6   3.9   0.0   3.5  29.0   18:15   NNE
15  18.3  23.1   15:15  13.8   00:00   2.1   2.3   0.0   4.3  25.7   16:00     N
16  18.6  31.8   16:00   7.2    6:45   4.6   5.1   0.0   3.1  20.9   17:15   ENE
17  20.9  33.9   16:00   9.5    7:45   3.2   6.2   0.0   3.1  24.1   17:15     W
18  17.9  25.6   11:15  11.4    6:45   3.5   2.8   0.0   4.3  32.2   16:45    NW
19  15.8  19.2   16:45  13.6    4:30   4.4   0.6   0.4   4.8  27.4   14:00    NW
20  16.3  20.2   17:30  13.6    8:30   3.9   1.1   0.8   5.5  29.0   18:15    NW
21  17.4  25.3   16:45   9.9    6:15   3.9   2.9   0.0   3.5  27.4   17:30     N
22  16.8  26.5   17:00   6.8    7:15   5.0   3.3   0.0   3.1  19.3   14:30    NW
23  19.4  33.8   18:15   6.6    7:15   4.7   6.1   0.0   2.7  22.5   19:15   ENE
24  21.2  33.7   17:15  10.1    8:00   3.0   6.1   0.0   3.7  27.4   20:30     E
25  21.1  29.6   13:00  16.9    8:00   1.2   4.8   0.0   4.7  29.0   17:30    NW
26  16.2  18.0    0:15  14.5    5:15   0.9   0.1   0.0   1.0   6.4    0:15   ESE
27
28
29
30
31
-------------------------------------------------------------------------------------
    18.8  33.9    17     6.6    23    79.5  95.9  24.0   4.1  41.8     9      NW

Max >=  32.0:  5
Max <=   0.0:  0
Min <=   0.0:  0
Min <= -18.0:  0
Max Rain: 14.60 ON 01/08/19
Days of Rain: 6 (> .2 mm) 2 (> 2 mm) 0 (> 20 mm)
Heat Base:  20.2  Cool Base:  16.2  Method: Integration