Informes climatologicos estilo NOAA

Selecciona informe para un Mes o Año
2019: Ene Feb Mar Abr May Jun Jul Ago Sep Oct Nov Dic
2018: Ene Feb Mar Abr May Jun Jul Ago Sep Oct Nov Dic
2017: Ene Feb Mar Abr May Jun Jul Ago Sep Oct Nov Dic
2016: Ene Feb Mar Abr May Jun Jul Ago Sep Oct Nov Dic
2015: Ene Feb Mar Abr May Jun Jul Ago Sep Oct Nov Dic
2014: Ene Feb Mar Abr May Jun Jul Ago Sep Oct Nov Dic
2013: Ene Feb Mar Abr May Jun Jul Ago Sep Oct Nov Dic
2012: Ene Feb Mar Abr May Jun Jul Ago Sep Oct Nov Dic
2011: Ene Feb Mar Abr May Jun Jul Ago Sep Oct Nov Dic

Report for 2019 Febrero
                   MONTHLY CLIMATOLOGICAL SUMMARY for FEB. 2019

NAME: VanPro2   CITY: Jungitu   STATE: Spain 
ELEV:   525 m  LAT:  42° 52' 20" N  LONG:   2° 35' 40" W

                   TEMPERATURE (°C), RAIN  (mm), WIND SPEED (km/hr)

                                      HEAT  COOL        AVG
    MEAN                              DEG   DEG         WIND                 DOM
DAY TEMP  HIGH   TIME   LOW    TIME   DAYS  DAYS  RAIN  SPEED HIGH   TIME    DIR
------------------------------------------------------------------------------------
 1   6.3   9.2   14:15   1.3   00:00  13.9   0.0   3.4  11.6  56.3   13:15   WSW
 2   1.8   5.4   14:30   0.2    6:00  18.4   0.0  22.4  14.5  53.1   14:00    NW
 3   1.4   3.8   16:45   0.3    6:45  18.8   0.0  13.6   7.6  32.2    0:30   WNW
 4   2.2   6.2   16:30  -1.7    7:45  18.0   0.0   0.2   3.2  12.9    5:45   ESE
 5   6.7  12.7   15:45   1.4    8:45  13.5   0.0   0.0   1.9  11.3    2:15   ENE
 6   6.4  15.4   16:45   1.8    4:15  13.8   0.0   0.0   1.9  14.5   16:45   ENE
 7   5.6   9.3   13:15   2.0   23:45  14.6   0.0   0.0   2.9  20.9   14:30     N
 8   6.6  14.2   16:30  -0.6    6:15  13.7   0.0   0.2   5.1  30.6   22:45   ENE
 9   9.2  13.1   14:45   4.2    8:00  11.1   0.0   0.0   6.6  37.0   00:00    SW
10   8.2  10.7   10:45   5.8   19:00  12.0   0.0   3.8   9.7  59.5    9:15   WSW
11   5.0   7.1   15:45   3.3   00:00  15.2   0.0   1.6   5.3  27.4   14:15    NW
12   4.3  12.9   17:15   0.2    7:15  15.9   0.0   0.4   1.9  12.9    9:00    SE
13   5.0  14.9   15:00  -2.4    8:00  15.2   0.0   0.0   3.1  20.9   16:00    NE
14   8.3  13.8   16:15   2.4    6:30  11.9   0.0   0.0   7.4  29.0    9:30   ESE
15   7.8  16.2   15:15   0.7    8:00  12.4   0.0   0.0   4.0  20.9    2:30     W
16   6.5  14.3   14:30  -2.3    8:00  13.7   0.0   0.0  11.6  59.5   20:45   ESE
17  10.9  16.2   15:00   3.8    7:30   9.3   0.0   0.0  13.7  49.9    0:15   ESE
18   9.8  14.3   15:30   5.2    7:00   8.8   0.0   0.0   9.3  35.4    0:45    SE
19
20
21
22
23
24
25
26
27
28
-------------------------------------------------------------------------------------
     6.2  16.2    15    -2.4    13   250.1   0.0  45.6   6.7  59.5    10     ESE

Max >=  32.0:  0
Max <=   0.0:  0
Min <=   0.0:  4
Min <= -18.0:  0
Max Rain: 22.40 ON 02/02/19
Days of Rain: 8 (> .2 mm) 4 (> 2 mm) 1 (> 20 mm)
Heat Base:  20.2  Cool Base:  16.2  Method: Integration