Informes climatologicos estilo NOAA


Report for 2019 Octubre
                   MONTHLY CLIMATOLOGICAL SUMMARY for OCT. 2019

NAME: VanPro2   CITY: Jungitu   STATE: Spain 
ELEV:   525 m  LAT:  42° 52' 20" N  LONG:   2° 35' 40" W

                   TEMPERATURE (°C), RAIN  (mm), WIND SPEED (km/hr)

                                      HEAT  COOL        AVG
    MEAN                              DEG   DEG         WIND                 DOM
DAY TEMP  HIGH   TIME   LOW    TIME   DAYS  DAYS  RAIN  SPEED HIGH   TIME    DIR
------------------------------------------------------------------------------------
 1  16.2  22.3   13:15  10.1    7:45   4.3   1.6   0.0   3.4  24.1   19:15   NNE
 2  13.8  16.4   14:45  12.1   00:00   6.4   0.0   0.0   5.1  24.1   11:45   WNW
 3  14.3  21.9   16:30   8.5    7:45   6.1   1.3   0.0   2.4  22.5   15:30   ESE
 4  13.9  20.8   14:15   8.5    6:30   6.3   0.8   0.4   2.6  22.5   16:45   ENE
 5  15.7  20.3   15:30  12.6    8:15   4.5   1.0   0.0   3.2  19.3   15:00    NW
 6  13.6  17.7   15:00  10.1    6:30   6.7   0.1   0.0   2.9  29.0   16:45    NW
 7  13.9  23.4   16:00   7.6    6:00   6.6   1.5   0.0   2.1  19.3   18:00     N
 8  15.0  27.4   14:45   5.4    7:15   6.4   2.6   0.0   3.2  25.7   17:15    NW
 9  13.5  17.0   14:00   7.5   00:00   6.7   0.1   0.0   4.3  24.1   13:15    NW
10  11.0  20.7   16:15   2.8    7:30   9.2   0.8   0.0   1.4  14.5   15:15   ENE
11  15.4  25.1   17:15   5.2    5:30   5.9   3.1   0.0   3.9  24.1   22:45   ESE
12  20.6  24.8   16:30  17.9    8:15   0.6   4.4   0.4  10.8  41.8   23:30   ESE
13  20.3  25.2   17:45  16.9    8:45   0.9   4.1   0.0  10.8  45.1    7:00   ESE
14  19.1  19.8    0:30  18.7    1:00   0.1   0.2   0.0   7.1  29.0    1:30   ESE
15
16
17
18
19
20
21
22
23
24
25
26
27
28
29
30
31
-------------------------------------------------------------------------------------
    15.4  27.4     8     2.8    10    70.7  21.6   0.8   4.5  45.1    13     ESE

Max >=  32.0:  0
Max <=   0.0:  0
Min <=   0.0:  0
Min <= -18.0:  0
Max Rain: 0.41 ON 04/10/19
Days of Rain: 2 (> .2 mm) 0 (> 2 mm) 0 (> 20 mm)
Heat Base:  20.2  Cool Base:  16.2  Method: Integration