Informes climatologicos estilo NOAA


Report for 2019 Junio
                   MONTHLY CLIMATOLOGICAL SUMMARY for JUN. 2019

NAME: VanPro2   CITY: Jungitu   STATE: Spain 
ELEV:   525 m  LAT:  42° 52' 20" N  LONG:   2° 35' 40" W

                   TEMPERATURE (°C), RAIN  (mm), WIND SPEED (km/hr)

                                      HEAT  COOL        AVG
    MEAN                              DEG   DEG         WIND                 DOM
DAY TEMP  HIGH   TIME   LOW    TIME   DAYS  DAYS  RAIN  SPEED HIGH   TIME    DIR
------------------------------------------------------------------------------------
 1  19.9  29.8   18:15   7.8    7:00   3.7   5.7   0.0   2.7  17.7   11:45     E
 2  19.6  30.4   16:15   9.6    7:15   3.3   4.8   0.0   3.9  30.6   17:30    NW
 3  18.5  28.5   16:45  11.2    5:15   3.7   3.8   0.0   4.0  20.9   17:00   WSW
 4  16.1  27.6   15:15  10.5    6:45   5.2   2.4   0.2   5.3  35.4   18:00    NE
 5  11.1  15.1   16:00   8.9    9:15   9.1   0.0   8.4   6.1  30.6   13:45    NW
 6  14.9  23.7   18:15   7.2    6:45   5.6   2.0   0.0   4.7  40.2   14:30   ESE
 7  13.2  20.3   16:15   8.6    4:15   7.0   0.3   0.4   9.2  46.7    9:00    SW
 8  12.1  21.2   16:45   2.4    6:45   8.2   1.0   0.0   4.2  25.7   15:15   NNE
 9  13.3  20.4   14:30   9.6    6:30   6.9   0.5   0.0   6.8  32.2   18:00    NW
10  11.7  15.8   16:45   8.2    6:45   8.6   0.0   0.0   4.8  24.1   17:30    NW
11   9.9  13.1   16:15   7.8    5:15  10.3   0.0   2.2   6.9  32.2   13:00   WNW
12  11.2  21.4   16:30   2.3    5:30   9.1   0.6   0.0   4.3  32.2   18:15   NNE
13  12.7  24.2   16:30   2.8    6:45   7.9   1.4   0.0   5.1  30.6   17:00   ESE
14  13.2  19.2   14:30  10.1    4:45   7.0   0.3   0.0   4.8  30.6   16:15    NW
15  14.3  20.8   16:30   7.6    6:30   5.9   1.0   0.0   4.3  25.7   16:45    NW
16  15.9  29.0   18:30   3.6    7:00   6.1   3.7   0.0   2.7  20.9   13:45     E
17  12.9  14.8    0:15  11.8    3:30   1.1   0.0   0.0   3.9   8.0    0:15     W
18
19
20
21
22
23
24
25
26
27
28
29
30
-------------------------------------------------------------------------------------
    14.1  30.4     2     2.3    12   108.4  27.4  11.2   4.9  46.7     7      NW

Max >=  32.0:  0
Max <=   0.0:  0
Min <=   0.0:  0
Min <= -18.0:  0
Max Rain: 8.41 ON 05/06/19
Days of Rain: 4 (> .2 mm) 2 (> 2 mm) 0 (> 20 mm)
Heat Base:  20.2  Cool Base:  16.2  Method: Integration