Informes climatologicos estilo NOAA


Report for 2021 Julio
                   MONTHLY CLIMATOLOGICAL SUMMARY for JUL. 2021

NAME: VanPro2   CITY: Jungitu   STATE: Spain 
ELEV:   525 m  LAT:  42° 52' 20" N  LONG:   2° 35' 40" W

                   TEMPERATURE (°C), RAIN  (mm), WIND SPEED (km/hr)

                                      HEAT  COOL        AVG
    MEAN                              DEG   DEG         WIND                 DOM
DAY TEMP  HIGH   TIME   LOW    TIME   DAYS  DAYS  RAIN  SPEED HIGH   TIME    DIR
------------------------------------------------------------------------------------
 1  17.7  24.7   15:00  13.8    0:20   3.3   2.2   0.0   3.7  27.4   17:30    NW
 2  21.0  33.1   16:30  15.1    7:20   2.0   5.0   0.0   3.4  33.8   16:30   WNW
 3  19.8  27.8   12:50  14.6    7:10   2.0   3.9   0.0   3.5  24.1   13:50    NW
 4  20.4  27.0   19:30  16.3    6:30   1.6   4.2   0.0   3.4  22.5   16:10    NW
 5  23.1  33.1   19:10  11.8    7:10   2.1   7.5   0.0   5.5  35.4   18:00    SW
 6  16.4  20.8    0:10  13.9   22:00   3.8   0.8   0.4   4.0  29.0    1:10    NW
 7  14.4  18.3   12:20  10.6    4:40   5.8   0.3   0.0   3.5  32.2   13:10    NW
 8  14.6  20.4   17:10   9.8    5:10   5.6   0.7   0.0   3.2  24.1   16:00     N
 9  16.4  28.2   17:50   6.3    5:50   5.7   3.5   0.0   2.7  24.1   19:20     N
10  18.8  24.7   14:50  14.1    1:00   2.6   3.2   0.0   4.3  29.0   18:20    NW
11  19.1  32.0   17:00   9.8    6:30   3.9   4.6   0.0   3.5  35.4   20:20    NW
12  14.8  16.9   18:30  11.7   00:00   5.4   0.0   0.2   5.0  32.2   18:30    NW
13  13.2  16.8   16:20  11.2    2:50   7.0   0.0   2.0   8.0  33.8   12:30   WNW
14  14.2  17.6   16:20  12.3    6:00   6.0   0.1   0.0   3.9  20.9   14:20    NW
15  15.2  19.9   17:20  11.6   00:00   5.0   0.8   0.0   4.0  27.4   17:30     N
16  15.2  23.1   16:50   6.2    7:00   5.4   2.2   0.0   4.0  29.0   18:10   ENE
17  18.8  27.7   15:40   8.1    7:10   3.7   4.5   0.0   3.5  24.1   16:20    NE
18  19.7  26.7   16:10  10.8    6:30   2.6   4.4   0.0   4.0  27.4   15:40     N
19  22.0  28.5   16:40  13.9    7:30   1.2   5.9   0.0   4.3  32.2   14:40     N
20  21.0  32.7   15:00  10.1    7:20   3.0   6.1   0.0   2.9  27.4   19:30    NW
21  22.5  33.1   16:00  15.3    3:40   1.4   6.3   0.0   3.1  22.5   20:00     N
22  24.4  35.8   16:00  18.0    7:10   0.6   8.2   0.0   4.2  29.0   17:50    NW
23  20.6  32.6   14:10  14.8    8:00   1.6   4.4   0.0   4.0  35.4   15:50    NW
24  17.7  24.6   16:20   9.6    6:50   3.6   2.9   0.0   3.5  29.0   19:10     N
25  17.9  22.4   16:00  15.2    7:10   2.6   1.8   0.0   4.0  27.4   19:40     N
26  17.7  22.9   17:20  12.9   00:00   2.9   2.0   0.2   3.7  22.5   16:30    NW
27  16.1  23.4   15:00   9.0    5:00   4.7   2.1   0.0   3.9  30.6   17:50     N
28  17.2  22.8   15:20  14.3    7:50   3.2   1.5   0.0   3.9  25.7   17:20     N
29  17.6  27.4   15:20   9.8    7:40   4.0   3.2   0.0   3.5  27.4   17:00   WNW
30  16.2  18.9   10:20  15.5    7:10   1.7   0.1   0.0   2.9  19.3   10:20    NW
31
-------------------------------------------------------------------------------------
    18.1  35.8    22     6.2    16   104.3  92.5   2.8   3.9  35.4     5      NW

Max >=  32.0:  7
Max <=   0.0:  0
Min <=   0.0:  0
Min <= -18.0:  0
Max Rain: 2.01 ON 13/07/21
Days of Rain: 4 (> .2 mm) 1 (> 2 mm) 0 (> 20 mm)
Heat Base:  20.2  Cool Base:  16.2  Method: Integration